{"id":405,"date":"2022-02-24T10:13:43","date_gmt":"2022-02-24T10:13:43","guid":{"rendered":"http:\/\/floramanda.com\/?page_id=405"},"modified":"2022-02-24T10:13:44","modified_gmt":"2022-02-24T10:13:44","slug":"aviso-legal","status":"publish","type":"page","link":"http:\/\/floramanda.com\/index.php\/aviso-legal\/","title":{"rendered":"Aviso legal"},"content":{"rendered":"<section  class='av_textblock_section av-l00tun1w-1206e68aed67b8a48b4476b6428b58a2'  itemscope=\"itemscope\" itemtype=\"https:\/\/schema.org\/CreativeWork\" ><div class='avia_textblock'  itemprop=\"text\" ><div class=\"elementor-column elementor-col-50 elementor-top-column elementor-element elementor-element-de4c07f\" data-id=\"de4c07f\" data-element_type=\"column\">\n<div class=\"elementor-column-wrap elementor-element-populated\">\n<div class=\"elementor-widget-wrap\">\n<div class=\"elementor-element elementor-element-de4c533 elementor-widget elementor-widget-text-editor\" data-id=\"de4c533\" data-element_type=\"widget\" data-widget_type=\"text-editor.default\">\n<div class=\"elementor-widget-container\">\n<div class=\"elementor-text-editor elementor-clearfix\">\n<p><b>OBJETO<\/b><br \/>\nLa presente p\u00e1gina Web ha sido dise\u00f1ada para dar a conocer los servicios ofertados por AMANDA FLORES Y PLANTAS NATURALES con CIF y con domicilio social en C\/ Roger de Lauria, 8 bajo izquierda \/ 46002 Valencia.<\/p>\n<p><b>PROPIEDAD INTELECTUAL E INDUSTRIAL<\/b><br \/>\nLos derechos de propiedad intelectual de la p\u00e1gina <a href=\"http:\/\/floramanda.com\">www.floramanda.com<\/a>, su c\u00f3digo fuente, dise\u00f1o, estructuras de navegaci\u00f3n y los distintos elementos en ella contenidos son titularidad de AMANDA FLORES Y PLANTAS NATURALES a quien corresponde el ejercicio exclusivo de los derechos de explotaci\u00f3n de los mismos en cualquier forma y, en especial, los derechos de reproducci\u00f3n, distribuci\u00f3n, comunicaci\u00f3n p\u00fablica y transformaci\u00f3n, de acuerdo con la legislaci\u00f3n espa\u00f1ola y de la uni\u00f3n europea aplicable.<\/p>\n<p><b>CONTENIDOS<\/b><br \/>\nSe facilita a trav\u00e9s de esta Web informaci\u00f3n acerca de servicios destinados a conocimiento p\u00fablico que en todo caso se sujetar\u00e1n a los t\u00e9rminos y condiciones expresamente detallados en cada momento y que son accesibles desde esta p\u00e1gina Web, los cuales se sujetar\u00e1n a las distintas disposiciones legales de aplicaci\u00f3n.<\/p>\n<p><b>ACCESO Y USO<\/b><br \/>\nTanto el acceso a esta p\u00e1gina Web, como el uso que pueda hacerse de la informaci\u00f3n y contenidos incluidos en la misma, ser\u00e1 de la exclusiva responsabilidad de quien lo realice.<\/p>\n<p>Las condiciones de acceso a este Web estar\u00e1n supeditadas a la legalidad vigente y los principios de la buena fe y uso l\u00edcito por parte del usuario de la misma, quedando prohibido con car\u00e1cter general cualquier tipo de actuaci\u00f3n en perjuicio de AMANDA FLORES Y PLANTAS NATURALES.<\/p>\n<p>Se considerar\u00e1 terminantemente prohibido el uso de la presente p\u00e1gina Web con fines ilegales o no autorizados.<\/p>\n<p><b>RESPONSABILIDAD<\/b><br \/>\nAMANDA FLORES Y PLANTAS NATURALES no se hace responsable bajo ning\u00fan concepto por ning\u00fan tipo de da\u00f1o que pudiesen ocasionar los Usuarios a la presente p\u00e1gina Web, o a cualquier otra, por el uso ilegal o indebido de la misma, o de los contenidos e informaciones accesibles o facilitadas a trav\u00e9s de ella.<\/p>\n<p><b>SERVICIO<\/b><br \/>\nAMANDA FLORES Y PLANTAS NATURALES, se reserva el derecho de suspender el acceso a su p\u00e1gina Web, sin previo aviso, de forma discrecional y temporal, por razones t\u00e9cnicas o de cualquier otra \u00edndole, pudiendo asimismo modificar unilateralmente tanto las condiciones de acceso, como la totalidad o parte de los contenidos en ella incluidos.<\/p>\n<\/div>\n<\/div>\n<\/div>\n<\/div>\n<\/div>\n<\/div>\n<div class=\"elementor-column elementor-col-50 elementor-top-column elementor-element elementor-element-de4c7f9\" data-id=\"de4c7f9\" data-element_type=\"column\" data-settings=\"{&quot;background_background&quot;:&quot;classic&quot;}\">\n<div class=\"elementor-column-wrap elementor-element-populated\">\n<div class=\"elementor-widget-wrap\">\n<div class=\"elementor-element elementor-element-de4cc61 elementor-widget elementor-widget-text-editor\" data-id=\"de4cc61\" data-element_type=\"widget\" data-widget_type=\"text-editor.default\">\n<div class=\"elementor-widget-container\">\n<div class=\"elementor-text-editor elementor-clearfix\">\n<p><b>PROTECCION DE DATOS<\/b><br \/>\nToda la pol\u00edtica de tratamiento de datos personales se encuentra recogida en nuestra\u00a0<a href=\"http:\/\/floramanda.com\/index.php\/politica-privacidad\/\"><strong>Pol\u00edtica de Privacidad<\/strong><\/a><\/p>\n<p><b>GENERALES<\/b><br \/>\nPara toda cuesti\u00f3n litigiosa o que incumba a la P\u00e1gina Web de <a href=\"http:\/\/floramanda.com\">www.floramanda.com<\/a>, ser\u00e1 de aplicaci\u00f3n la legislaci\u00f3n espa\u00f1ola, siendo competentes para la resoluci\u00f3n de todos los conflictos derivados o relacionados con el uso de esta p\u00e1gina Web, los Juzgados y Tribunales del domicilio del usuario. El acceso a la p\u00e1gina Web de <a href=\"http:\/\/floramanda.com\">www.floramanda.com<\/a>\u00a0implica la aceptaci\u00f3n de todas las condiciones anteriormente expresadas.<\/p>\n<p><b>HIPERENLACES<\/b><br \/>\nLos hiperenlaces contenidos en el sitio web de <a href=\"http:\/\/floramanda.com\">www.floramanda.com<\/a> pueden dirigir a p\u00e1ginas web de terceros. <a href=\"http:\/\/floramanda.com\">www.floramanda.com<\/a> no asume ninguna responsabilidad por el contenido, informaciones o servicios que pudieran aparecer en dichos sitios, que tendr\u00e1n exclusivamente car\u00e1cter informativo y que en ning\u00fan caso implican relaci\u00f3n alguna entre <a href=\"http:\/\/floramanda.com\">www.floramanda.com<\/a>\u00a0y a las personas o entidades titulares de tales contenidos o titulares de los sitios donde se encuentren.<\/p>\n<\/div>\n<\/div>\n<\/div>\n<\/div>\n<\/div>\n<\/div>\n<\/div><\/section>\n","protected":false},"excerpt":{"rendered":"","protected":false},"author":1,"featured_media":0,"parent":0,"menu_order":0,"comment_status":"closed","ping_status":"closed","template":"","meta":{"footnotes":""},"class_list":["post-405","page","type-page","status-publish","hentry"],"yoast_head":"<!-- This site is optimized with the Yoast SEO plugin v20.12 - https:\/\/yoast.com\/wordpress\/plugins\/seo\/ -->\n<title>Aviso Legal \u00b7 Flor Amanda \u00b7 Floristeria desde 1920<\/title>\n<meta name=\"description\" content=\"Aviso legal de AMANDA FLORES Y PLANTAS NATURALES\" \/>\n<meta name=\"robots\" content=\"index, follow, max-snippet:-1, max-image-preview:large, max-video-preview:-1\" \/>\n<link rel=\"canonical\" href=\"http:\/\/floramanda.com\/index.php\/aviso-legal\/\" \/>\n<meta property=\"og:locale\" content=\"es_ES\" \/>\n<meta property=\"og:type\" content=\"article\" \/>\n<meta property=\"og:title\" content=\"Aviso Legal \u00b7 Flor Amanda \u00b7 Floristeria desde 1920\" \/>\n<meta property=\"og:description\" content=\"Aviso legal de AMANDA FLORES Y PLANTAS NATURALES\" \/>\n<meta property=\"og:url\" content=\"http:\/\/floramanda.com\/index.php\/aviso-legal\/\" \/>\n<meta property=\"og:site_name\" content=\"Florister\u00eda Amanda\" \/>\n<meta property=\"article:modified_time\" content=\"2022-02-24T10:13:44+00:00\" \/>\n<meta name=\"twitter:card\" content=\"summary_large_image\" \/>\n<meta name=\"twitter:label1\" content=\"Tiempo de lectura\" \/>\n\t<meta name=\"twitter:data1\" content=\"3 minutos\" \/>\n<script type=\"application\/ld+json\" class=\"yoast-schema-graph\">{\"@context\":\"https:\/\/schema.org\",\"@graph\":[{\"@type\":\"WebPage\",\"@id\":\"http:\/\/floramanda.com\/index.php\/aviso-legal\/\",\"url\":\"http:\/\/floramanda.com\/index.php\/aviso-legal\/\",\"name\":\"Aviso Legal \u00b7 Flor Amanda \u00b7 Floristeria desde 1920\",\"isPartOf\":{\"@id\":\"http:\/\/floramanda.com\/#website\"},\"datePublished\":\"2022-02-24T10:13:43+00:00\",\"dateModified\":\"2022-02-24T10:13:44+00:00\",\"description\":\"Aviso legal de AMANDA FLORES Y PLANTAS NATURALES\",\"breadcrumb\":{\"@id\":\"http:\/\/floramanda.com\/index.php\/aviso-legal\/#breadcrumb\"},\"inLanguage\":\"es\",\"potentialAction\":[{\"@type\":\"ReadAction\",\"target\":[\"http:\/\/floramanda.com\/index.php\/aviso-legal\/\"]}]},{\"@type\":\"BreadcrumbList\",\"@id\":\"http:\/\/floramanda.com\/index.php\/aviso-legal\/#breadcrumb\",\"itemListElement\":[{\"@type\":\"ListItem\",\"position\":1,\"name\":\"Portada\",\"item\":\"http:\/\/floramanda.com\/\"},{\"@type\":\"ListItem\",\"position\":2,\"name\":\"Aviso legal\"}]},{\"@type\":\"WebSite\",\"@id\":\"http:\/\/floramanda.com\/#website\",\"url\":\"http:\/\/floramanda.com\/\",\"name\":\"Florister\u00eda Amanda\",\"description\":\"Flores y plantas naturales desde 1886\",\"potentialAction\":[{\"@type\":\"SearchAction\",\"target\":{\"@type\":\"EntryPoint\",\"urlTemplate\":\"http:\/\/floramanda.com\/?s={search_term_string}\"},\"query-input\":\"required name=search_term_string\"}],\"inLanguage\":\"es\"}]}<\/script>\n<!-- \/ Yoast SEO plugin. -->","yoast_head_json":{"title":"Aviso Legal \u00b7 Flor Amanda \u00b7 Floristeria desde 1920","description":"Aviso legal de AMANDA FLORES Y PLANTAS NATURALES","robots":{"index":"index","follow":"follow","max-snippet":"max-snippet:-1","max-image-preview":"max-image-preview:large","max-video-preview":"max-video-preview:-1"},"canonical":"http:\/\/floramanda.com\/index.php\/aviso-legal\/","og_locale":"es_ES","og_type":"article","og_title":"Aviso Legal \u00b7 Flor Amanda \u00b7 Floristeria desde 1920","og_description":"Aviso legal de AMANDA FLORES Y PLANTAS NATURALES","og_url":"http:\/\/floramanda.com\/index.php\/aviso-legal\/","og_site_name":"Florister\u00eda Amanda","article_modified_time":"2022-02-24T10:13:44+00:00","twitter_card":"summary_large_image","twitter_misc":{"Tiempo de lectura":"3 minutos"},"schema":{"@context":"https:\/\/schema.org","@graph":[{"@type":"WebPage","@id":"http:\/\/floramanda.com\/index.php\/aviso-legal\/","url":"http:\/\/floramanda.com\/index.php\/aviso-legal\/","name":"Aviso Legal \u00b7 Flor Amanda \u00b7 Floristeria desde 1920","isPartOf":{"@id":"http:\/\/floramanda.com\/#website"},"datePublished":"2022-02-24T10:13:43+00:00","dateModified":"2022-02-24T10:13:44+00:00","description":"Aviso legal de AMANDA FLORES Y PLANTAS NATURALES","breadcrumb":{"@id":"http:\/\/floramanda.com\/index.php\/aviso-legal\/#breadcrumb"},"inLanguage":"es","potentialAction":[{"@type":"ReadAction","target":["http:\/\/floramanda.com\/index.php\/aviso-legal\/"]}]},{"@type":"BreadcrumbList","@id":"http:\/\/floramanda.com\/index.php\/aviso-legal\/#breadcrumb","itemListElement":[{"@type":"ListItem","position":1,"name":"Portada","item":"http:\/\/floramanda.com\/"},{"@type":"ListItem","position":2,"name":"Aviso legal"}]},{"@type":"WebSite","@id":"http:\/\/floramanda.com\/#website","url":"http:\/\/floramanda.com\/","name":"Florister\u00eda Amanda","description":"Flores y plantas naturales desde 1886","potentialAction":[{"@type":"SearchAction","target":{"@type":"EntryPoint","urlTemplate":"http:\/\/floramanda.com\/?s={search_term_string}"},"query-input":"required name=search_term_string"}],"inLanguage":"es"}]}},"_links":{"self":[{"href":"http:\/\/floramanda.com\/index.php\/wp-json\/wp\/v2\/pages\/405","targetHints":{"allow":["GET"]}}],"collection":[{"href":"http:\/\/floramanda.com\/index.php\/wp-json\/wp\/v2\/pages"}],"about":[{"href":"http:\/\/floramanda.com\/index.php\/wp-json\/wp\/v2\/types\/page"}],"author":[{"embeddable":true,"href":"http:\/\/floramanda.com\/index.php\/wp-json\/wp\/v2\/users\/1"}],"replies":[{"embeddable":true,"href":"http:\/\/floramanda.com\/index.php\/wp-json\/wp\/v2\/comments?post=405"}],"version-history":[{"count":1,"href":"http:\/\/floramanda.com\/index.php\/wp-json\/wp\/v2\/pages\/405\/revisions"}],"predecessor-version":[{"id":406,"href":"http:\/\/floramanda.com\/index.php\/wp-json\/wp\/v2\/pages\/405\/revisions\/406"}],"wp:attachment":[{"href":"http:\/\/floramanda.com\/index.php\/wp-json\/wp\/v2\/media?parent=405"}],"curies":[{"name":"wp","href":"https:\/\/api.w.org\/{rel}","templated":true}]}}